*3/3 + x**2. What is the remainder when 35 is divided by r(-8)?
11
Suppose 20 = v + 3*d, -7 - 18 = -5*d. Let n(k) = -k**3 + 5*k**2 - k - 3. What is the remainder when n(4) is divided by v?
4
Suppose 147 = 2*f + a, a - 4 = -3*a. What is the remainder when f is divided by 19?
16
Let v(y) = 12*y**2 - 6*y + 5. Let p(f) = -f**2 + f - 1. Let r(k) = 5*p(k) + v(k). What is the remainder when 11 is divided by r(1)?
5
Let n be 2/4*32/4. Suppose 3*l - 4*o = -2*l, -3*l - n*o + 32 = 0. What is the remainder when 13 is divided by l?
1
Suppose -5*i + 3*d + 134 = d, 3*i - 76 = -d. What is the remainder when i is divided by 7?
5
Let l(c) = -c**3 + 9*c**2 + 8. What is the remainder when 31 is divided by l(9)?
7
Let w = 6 - 6. Let y = w + 2. Calculate the remainder when 2 is divided by y.
0
Suppose 0*v = -c + 3*v - 12, -32 = -4*c - 4*v. Let n be c - (-2)/(-6)*3. Suppose n*l = 7 + 15. What is the remainder when l is divided by 4?
3
Suppose -30 = -8*p + 6*p + 4*u, 2*p - u = 39. Calculate the remainder when 145 is divided by p.
19
Suppose 0 = -5*d + 4*c + 130, -d + c + 19 = -7. What is the remainder when 77 is divided by d?
25
Let c = 4 - -1. Let y = c - 3. Suppose -6*f + y*f + 8 = 0. Calculate the remainder when 2 is divided by f.
0
Let l(w) = w. Let i be l(0). Suppose i + 10 = 2*x. Let k(b) = -3*b - 10. Calculate the remainder when x is divided by k(-4).
1
Calculate the remainder when 30 is divided by (32/(-6))/(((-56)/12)/7).
6
Let s = 61 - 35. Calculate the remainder when 49 is divided by s.
23
Calculate the remainder when 22/6*6/2 is divided by 3.
2
Let f(b) = -25*b + 2. What is the remainder when f(-3) is divided by 26?
25
Let u(g) = 12*g - 1. Let b = 73 - 51. Suppose 2 + b = 3*h. Calculate the remainder when u(2) is divided by h.
7
Let v be (1 - 15/6)*-2. Suppose -a = -v - 14. Calculate the remainder when a is divided by 10.
7
Let f(l) = 8*l + 5. Let u(g) = g**3 + 6*g**2 - 1. Let m be u(-3). Suppose -4*s + m = j, 4*j + 4*s = 6*j - 4. Calculate the remainder when f(4) is divided by j.
7
Let c be (9/(-6) - -1)*-6. What is the remainder when 23 is divided by -26*(-1)/(5 - c)?
10
Let i = -37 - -56. Let m(h) = -h**2 + h + 30. Let q be m(0). Let w = q - i. Calculate the remainder when 31 is divided by w.
9
Let t = 165 - 111. Calculate the remainder when t is divided by 19.
16
Let t be (-2)/6 - (-48)/9. Suppose l = -2*l + 78. Calculate the remainder when l + t + (-4)/2 is divided by 16.
13
Let f(v) = 4*v + 15. Let u be f(7). Let r = 102 + -40. Let c = r - u. What is the remainder when 37 is divided by c?
18
Suppose -21*g = -20*g - 9. Calculate the remainder when 590/18 - 2/(-9) is divided by g.
6
Calculate the remainder when 42/1 - 1/(-1) is divided by -6 + (4 - -13) + 4.
13
Let t(m) = -m**2 + 14*m - 10. What is the remainder when t(10) is divided by (-6)/4*96/(-9)?
14
Let s = -17 - -9. Let g = s + 11. Suppose 0 = g*d - 4*d + 14. Calculate the remainder when d is divided by 4.
2
Let k be (-3)/(9/6) + 2. Let p be k*1/(-2)*2. Suppose p = 4*c - j - 2*j - 44, 5*j = 0. Calculate the remainder when 31 is divided by c.
9
Suppose 0 = -2*g - 6*g + 112. What is the remainder when 51 is divided by g?
9
Let r(g) = -g**3 + 7*g**2 - 4*g - 4. Let m be (-2 + 5/1)*2. Calculate the remainder when 23 is divided by r(m).
7
What is the remainder when 212 is divided by ((-3)/2)/((-2)/72)?
50
Suppose 9 = -3*j, 3*v - v = -3*j + 119. Calculate the remainder when v is divided by 33.
31
Suppose 7*k - 391 = -132. Calculate the remainder when k is divided by 1/(-4) - 53/(-4).
11
Suppose 2*b - 234 = -4*b. Calculate the remainder when b is divided by 7.
4
Let j(y) = -y. Calculate the remainder when 81 is divided by j(-12).
9
Suppose 0 = -6*n + 4*n. Suppose n = 5*s - 77 - 103. What is the remainder when s is divided by 19?
17
Let n(t) = -2*t**3 - t**2 + t + 1. Suppose -37 = -3*d + 2*d + 2*i, -2*d - 5*i + 47 = 0. What is the remainder when d is divided by n(-2)?
9
Let f(p) = p + 23. What is the remainder when 45 is divided by f(-11)?
9
Let w(h) = -h - 1. Let d be w(-1). Suppose 2*y + t - 96 = -1358, d = 3*t + 6. What is the remainder when 46 is divided by y/(-39) - (-2)/(-13)?
14
Let v be 2/(-6) - 22/(-3). Suppose 0 = -3*p - 3*n + 24, 2*n - v = -0*p - p. Calculate the remainder when p is divided by 5.
4
Let r(v) = -v**2 - 4*v - 2. Let u(m) = -m. Calculate the remainder when r(-1) is divided by u(-1).
0
Let q be ((-8)/(-12))/((-2)/(-15)). Suppose 0 = q*w - 3*w - 48. Suppose 3*p = 4*g - w, -5*g - p + 29 = -5*p. What is the remainder when 17 is divided by g?
8
Suppose -5*w + 85 = 5*c, 5*w - 36 = 3*w - c. What is the remainder when 55 is divided by w?
17
Suppose 0 = 2*h - 6*h - 3*y + 72, -3*h - 3*y + 51 = 0. Suppose 5*n + 8 = 68. Calculate the remainder when h is divided by n.
9
Let h(b) = b + 7. What is the remainder when 29 is divided by h(3)?
9
Let j = 44 + -35. Calculate the remainder when 132 is divided by j.
6
What is the remainder when 14 is divided by 2/5 - (-18)/5?
2
Suppose 78 - 16 = 2*y. What is the remainder when y is divided by 17?
14
Suppose -980 = -5*m - 930. Let z(o) = -o - 5. Let a be z(-6). Calculate the remainder when (2*a)/((-3)/(-42)) is divided by m.
8
Let s(h) = -h**2 - 3. Let w be s(-3). Calculate the remainder when 33/4 + 3/(-12) is divided by (-8)/w + (-13)/(-3).
3
Let u be 5/15 - (-28)/6. Suppose 52 = -u*m + 7. Let i(p) = p**2 + 9*p + 11. What is the remainder when 21 is divided by i(m)?
10
Suppose 0 = -2*j - 5*v + 42, -2*j + 0*j + 10 = -3*v. What is the remainder when 117 is divided by j?
7
Let j(y) = y**3 + 3*y**2 - 4*y + 1. Suppose -13 = -2*w + 11. Suppose 0 = 3*c + w, 22 = 2*z - 3*c - 4. What is the remainder when j(-3) is divided by z?
6
Let p(d) = -d**3 + 9*d**2 + 9*d + 14. Let h be p(10). Suppose -12 - 12 = -h*v. Let k = -32 + 48. What is the remainder when k is divided by v?
4
Let p(i) = -9*i + 2. Let f be p(-2). Suppose -q + f = 3. Calculate the remainder when 32 is divided by q.
15
Let s(d) = -3*d + 8. Let k = 6 + 8. Calculate the remainder when s(-6) is divided by k.
12
Let c(p) = p**3 + 6*p**2 + 5*p + 2. Suppose d + 1 = -4. Let h be c(d). Suppose -2*y + 36 = h*a, -4*a = a - 15. Calculate the remainder when 44 is divided by y.
14
Let u be 5/25 + (-558)/(-10). Let g = u + -30. Calculate the remainder when 76 is divided by g.
24
Suppose -5*j + j = 112. Let k = 51 + j. Let z = -12 + k. What is the remainder when z is divided by 7?
4
Let o(g) = g**2 + 5*g + 4. Let b be o(-4). What is the remainder when 39 is divided by 8 + 0 - (0 - b)?
7
Suppose 0 = 4*z + p - 34, p - 11 = 3*z - 40. Suppose 0 = 4*c + 5*q - 150, 3*q + 2*q - 45 = -c. What is the remainder when c is divided by z?
8
Suppose b = 4*b. Suppose -3*f = -5*t + 3*t - 19, t - 7 = -4*f. Suppose b = -g + f*g - 54. What is the remainder when g is divided by 14?
13
Let s(m) = m**3 - 2*m**2 - 3*m + 3. Calculate the remainder when s(3) is divided by 2.
1
Suppose z - 2*c = 43, -3*z + 179 = 3*c + 32. Suppose 0 = 4*s - 1 - z. Calculate the remainder when s is divided by 3 - -1*6 - 2.
5
Let q = 35 + -23. Let u = 1 + q. Calculate the remainder when u is divided by 7.
6
Let b(q) = q**2 - 5*q + 63. What is the remainder when b(0) is divided by 18?
9
Let m(d) = 18*d + 4*d + 4 - 6*d. Let g be m(4). Calculate the remainder when (g/(-6))/((-3)/9) is divided by 12.
10
Suppose 27 = 4*q - 21. Let g = 83 - 49. What is the remainder when g is divided by 38/3 - q/18?
10
Let g = -3 - -1. Suppose 0 = 3*t - 5*f - 136, 4*t - f = -0*f + 153. Calculate the remainder when t is divided by g/7 - 279/(-21).
11
Suppose m - 18 = -c, -6 = -m + 2*c + 12. Calculate the remainder when 30 is divided by m.
12
Suppose 135 = 3*o - h + 5*h, o - 2*h = 55. Suppose 0 = -3*u + o - 7. Calculate the remainder when u is divided by -2*((-18)/4 - -2).
4
What is the remainder when ((-1)/3)/((1/(-15))/1) is divided by 3?
2
Suppose -40 = 131*d - 133*d. Calculate the remainder when d is divided by 2*-1 - (1 - 10).
6
Suppose 3*s - 75 = -s + g, s = -5*g + 45. Calculate the remainder when 99 is divided by s.
19
Calculate the remainder when ((-196)/8)/((-20)/8 - -2) is divided by 17.
15
Suppose -2*p + 6 = -8. Calculate the remainder when (0 + -2)/((-4)/38) is divided by p.
5
Suppose c + 3*c = 88. Calculate the remainder when 85 is divided by c.
19
Let o = 184 - 154. Ca